*3 - 14*r**2 - 3*r + 5. Let y(x) = -3*v(x) - 4*z(x). Give y(-4).
1
Let c(k) be the third derivative of 0*k + 1/24*k**4 + 49*k**2 + k**3 + 0. What is c(8)?
14
Suppose 2*i - 2*l - 3 - 1 = 0, 5*i - 10 = -4*l. Let r(k) = -6*k + 5 + 92*k**2 - 266*k**2 + 85*k**i + 90*k**2. Calculate r(8).
21
Let v(g) be the first derivative of 5*g**2 - 16*g - 1481. Determine v(0).
-16
Let r be (-4)/14 + 2/(42/3051). Let w(q) = 294*q - r*q - 146*q. What is w(6)?
18
Let o(p) = 51*p**2 - 53*p - 60. Let c(v) = 35*v**2 - 36*v - 41. Let n(a) = 16*c(a) - 11*o(a). Give n(8).
-4
Let q(v) = 33*v**2 - 53*v + 80. Let b(k) = -13*k**2 + 26*k - 39. Let z(d) = -5*b(d) - 2*q(d). Calculate z(-25).
10
Let l(k) = k. Let d(r) = 6*r. Let v(x) = -d(x) + 5*l(x). Let c be (1 - 1)*1/3. Suppose c = -j - 5*j + 3*j. Give v(j).
0
Let d be 36/(-30)*10/8*(-10)/(-15). Let q(j) = 6*j**2 + 3*j + 4. What is q(d)?
7
Let m(f) = 127*f + 505. Let j be m(-4). Let g(p) = 2*p + 3 - 2*p - p. Calculate g(j).
6
Let y(g) = -g**2 - 24*g - 14. Let c = 11003 - 11012. Calculate y(c).
121
Let b(x) = -x**3 + 8*x**2 - 6*x - 8. Let h(q) be the first derivative of q**3 - 27*q**2/2 - 23*q + 54. Let m be h(10). What is b(m)?
-1
Let k(r) = 152*r - r**2 - 10*r - 143*r. Suppose -4*g + 6*g + 6 = 0. Calculate k(g).
-6
Suppose 28*q - 34*q = -42. Let n(o) = 3*o**2 - 11*o - 5. Let f(w) = 10*w**2 - 32*w - 14. Let h(z) = q*n(z) - 2*f(z). What is h(14)?
7
Let l(y) = -y - y**2 - y**2 - 3*y + 5 - 4*y. Suppose -1 = -4*x + 5*k - 18, 4*x + 5*k = 33. Let i be (6 - x) + (-3 - 0) + -7. Calculate l(i).
-19
Let x(f) = -6*f + 13. Let w be x(4). Let s(b) be the second derivative of -b**4/12 - 2*b**3 - 9*b**2/2 + 3147*b. Give s(w).
2
Let d(y) = -37 - 9*y + 11 + 14 + 14. Let s(q) = 16*q - 3. Let u(k) = 7*d(k) + 4*s(k). Let n be (-1)/(-2)*(-7 - 3). Give u(n).
-3
Let k(f) = f**2 - 10*f + 133693 - 267371 + 133704. Calculate k(12).
50
Let m = -94 - -98. Suppose -2*x + 16 = 3*n - x, 0 = -x + m. Let v(j) = 5 + n*j**2 - 83*j - 3*j**2 + 80*j. What is v(4)?
9
Let f(y) = -2393 + 7*y + 4*y + 1249 + 1239. Determine f(-8).
7
Let h be -11 + 14 - (-12)/(-2). Let a(k) = -160 - 157 + 314 - 4*k. Give a(h).
9
Let u(s) = s + 3*s + 1 - 2*s. Let a be (-42)/12 - 2856/(-624) - 2/26. Determine u(a).
3
Let k(o) = -40*o + 297. Let t(r) = -59*r + 451. Let i(c) = -7*k(c) + 5*t(c). Give i(13).
-19
Let r(j) = 5*j - 10. Let n(b) = -b**3 + 12*b**2 + 29. Let w be n(12). Suppose -5*h = -2*y - 21, 25*h - w*h - y + 9 = 0. What is r(h)?
5
Let q(i) be the third derivative of -i**5/30 + 5*i**4/12 - 13*i**3/6 + 4*i**2 + 176. Calculate q(9).
-85
Let j(h) = -8*h + 1. Let s(m) = m**2 - 4*m + 6. Let i be (-2)/(-4) + (-28)/(-8). Let k be s(i). Let o = -5 + k. Calculate j(o).
-7
Suppose -5*q = 3*f + 45, -7 = 5*f + 40*q - 43*q. Let j(i) = -i**2 - 95*i - 453. Determine j(f).
-3
Let d(v) = -68*v - 15818 - 6*v**2 + 15776 + 185*v + v**2. What is d(23)?
4
Suppose 2*x - 551 = -5*a + 183, -a - x + 148 = 0. Let z = 152 - a. Let u be (2/z)/(0 - 7/(-42)). Let q(l) = l**3 - 2*l**2 + 3*l - 1. What is q(u)?
5
Let g(w) = 3*w**2 + 3*w - 5. Let r be g(-8). Let z = 251 - r. Let h(y) = 2*y - 5*y + 82 - z. Determine h(5).
-21
Let n(l) be the third derivative of -l**6/40 + l**5/60 + l**4/6 - 5*l**3/6 - 2*l**2 + 886*l. Give n(2).
-17
Let w(t) = 162*t**3 - 2 - 3*t - 478*t**3 + 158*t**3 + 159*t**3 + 2*t. Let f be 2/((-1)/((-6)/(-4))). What is w(f)?
-26
Let z be ((-12)/8)/(3/6). Suppose 39 + 191 = 5*a. Let i(f) = -2*f + 0*f - 50 + a. Give i(z).
2
Let k(x) = x**3 - 5*x**2 - 5*x - 1. Let l = 655 + -649. Calculate k(l).
5
Let z(c) = -c**3 - 9*c**2 + 10*c - 2. Let d(b) = -2*b**2 + 13*b - 1. Let g be d(6). Let w be (-1)/2*(g + 5) + -5. Calculate z(w).
-2
Suppose 2 - 23 = -7*a. Let o(p) = 633*p - 2 - 636*p + 17*p**3 - 18*p**3 + 4*p**2. Give o(a).
-2
Let c be 9 + 8/16 + (-224)/24. Let i(n) be the third derivative of 0 + 1/24*n**4 - 12*n**2 + 0*n - c*n**3. Give i(-6).
-7
Suppose -1 = 13*l - 37 - 3. Let v(u) = u - 8. What is v(l)?
-5
Let y(n) = -5*n. Let u(v) = 36*v - 150. Let w(z) = -u(z) - 6*y(z). Calculate w(23).
12
Suppose -617*j - 110 = -562*j. Let a(q) = -10*q + 8. What is a(j)?
28
Let p(a) = -a**3 - 33*a**2 - 34*a - 74. Suppose 96*l + 41*l + 4384 = 0. What is p(l)?
-10
Let o be 1*(-1 - 8/(-2)). Suppose 137*b + 48 - 47 = -136. Let d(l) = 2*l - 7. Let r(v) = -1. Let j(x) = b*d(x) + o*r(x). Calculate j(-5).
14
Let l(h) = h**3 - 10*h**2 - h + 5. Let g(t) = t**2 - 28*t + 18. Let s be g(25). Let y be 12/(-54) - (-1815)/27. Let k = y + s. Give l(k).
-5
Let u(n) = 2 + 20*n - 4 + 5*n**2 - 20 + 3. Let c(v) = -4*v**2 - 18*v + 20. Let a(j) = 4*c(j) + 3*u(j). Give a(-14).
-5
Let j(r) = 0 + 1 + r + 5. Suppose 31*k + 18*k = 0. Determine j(k).
6
Let a be -2 - 3 - (-8 - 309). Let c be ((-10)/4)/(130/a). Let n(b) = 6*b + 15. Determine n(c).
-21
Let s be (-9)/153*0*1. Let c(a) = a**2 + 2*a + 12. Let l(u) = 2*u**2 + 4*u + 23. Let z(b) = -7*c(b) + 4*l(b). Calculate z(s).
8
Let o(c) = 9 - 3*c + 3 - 5 - 5*c - 2. Determine o(-2).
21
Let g(t) = 278*t + 4. Let a(c) = -3150*c - 44. Let d(m) = 6*a(m) + 68*g(m). What is d(24)?
104
Let l(t) = 5*t + 20. Let v be (4 - 6)/(32/112). Calculate l(v).
-15
Let b be (((-294)/21)/(-2))/(0 + (1 - 0)). Let i(v) = 10*v - 20. Give i(b).
50
Let p(o) = -o**2 + 2*o. Suppose -4*q + 2*v = 56 + 436, 369 = -3*q - 5*v. Let l = q - -121. Determine p(l).
-8
Let t(x) = -x**2 - 4*x + 8. Suppose 26*w - 27*w + 14 = 0. Suppose w - 2 = -4*o - 4*j, 0 = -o - 4*j + 6. Determine t(o).
-4
Let b(c) = -4*c - 19. Let a be b(-6). Suppose -3*q - 3*g + 391 = -a*g, -5 = -5*g. Let l = q + -137. Let p(f) = f**3 + 7*f**2 + 7*f - 1. Determine p(l).
-7
Let s(f) = 97*f - 5230. Let j be s(54). Let t(c) = -c**3 + 6*c**2 + 19*c - 22. Calculate t(j).
2
Suppose 78*w + 108 - 484 = -16*w. Let t(s) = 7*s - 8. Let q(a) = -4*a + 4. Let z(k) = 5*q(k) + 3*t(k). Calculate z(w).
0
Let g(z) = 19*z - 843. Let n(c) = 40*c - 1589. Let k(y) = -11*g(y) + 6*n(y). Determine k(9).
18
Let c(g) = g**3 - 10*g**2 + 4*g + 48. Let r be c(9). Let n(s) = -s**2 + 4. Determine n(r).
-5
Let z(b) = 2*b**2 + 5*b + 1. Let i = -6997 - -7001. Give z(i).
53
Let o(b) = b**3 - 6*b**2 + 4*b + 2. Suppose -20*v = -18*v. Suppose 4*y + 5*i - 19 - 11 = v, 2*i - 29 = -5*y. Calculate o(y).
-3
Let k = -6 + 3. Let r(v) = -17821*v**2 - v**3 + v - 4 + 17819*v**2 + v. Determine r(k).
-1
Let u(n) be the first derivative of n**4/4 + 2*n**3 + 4*n**2 + 8*n - 4220. Suppose -j - 7 = -2. Give u(j).
-7
Let n(z) be the third derivative of 0*z + 1/24*z**4 - 11/6*z**3 + 0 + 1/30*z**5 - 23*z**2. Determine n(0).
-11
Suppose -4*v = 3*j - 1, -4*j = 6*v - 8*v - 16. Let d(g) be the third derivative of g**3/6 - g**2. Let a(x) = -x - 7. Let u(b) = -a(b) - 3*d(b). What is u(j)?
7
Let z(m) = -170 + 27 + 63 + 47 + 32 + 16*m**2. Suppose -w = 3*v - 4, 0 = -4*v + 8*v - 4. Determine z(w).
15
Let c(g) = -4*g - 1. Let l be c(0). Let h be (0/2)/4 - 11. Let i be 4/(15 - l) - h/4. Let o(k) = -2*k**2 - 2*k + 3. What is o(i)?
-21
Let u(h) = -h**2 + 6*h - 8. Suppose 10*q - 101 = 19. Suppose q*o = -3*o + 90. Calculate u(o).
-8
Let k(r) = -21*r - 19. Let t = -34135 - -34134. Give k(t).
2
Let l(n) = -3*n + 175. Let j(f) = 4*f - 315. Let z(a) = 4*j(a) + 7*l(a). Determine z(-5).
-10
Let b be (1 - 23/6)/(2/(-12)). Suppose b*d = 20*d - 21. Let k(l) = -l**2 + 9*l + 2. Give k(d).
16
Let a(t) = t**2 - t. Let r = 41 - 11. Let p = r + -44. Let i be p/2*(-10)/35. Give a(i).
2
Let g(p) = -p**3 - 6*p**2 + 9*p + 4. Suppose 5*x = x - k - 219, 0 = x - 3*k + 58. Let m = x + 65. Suppose -4*b + 42 = -m*b. Calculate g(b).
-10
Let v(f) = -f**2 - 10*f - 43. Let d = 11782 - 11788. What is v(d)?
-19
Suppose -2*l + 16 - 4 = -4*b, -l + 41 = 5*b. Let f(u) = -l*u**2 + 15*u**2 - 6 - 2*u**3 + u + 3*u**3. What is f(0)?
-6
Let t(v) be the first derivative of -v**4/2 - v**3 - v**2 + v - 1. Let s be (6/15)/((-10)/(-75)). Suppose 2*c + 12 = -5*m, -5 = s*m - 0*m - c. Determine t(m).
9
Let n be 2/7 - (-36)/21. Let g(f) be the second derivative of 3/2*f**2 - 4*f - 2/3*f**3 + 2. Give g(n).
-5
Let s be 3 + 9/3 + -1 + -1. Let a(o) be the second derivative of 0 + 1/6*o**3 + 1/2*o**2 + 19*o. Give a(s).
5
Let o(b) = -3*b - 2. Let t(r) = 15*r + 1. Suppose -9*n - 19 = 10*n. Let i(k) = n*t(k) - o(k). What is i(3)?
-35
Let l(y) = y**3 - 3*y**2 - 7*y - 6. Suppose -46*k + 43*k + 